{"id":130,"date":"2019-04-17T16:56:13","date_gmt":"2019-04-17T14:56:13","guid":{"rendered":"https:\/\/mirfak.iarobotics.cl\/?page_id=130"},"modified":"2019-04-17T23:44:06","modified_gmt":"2019-04-17T21:44:06","slug":"inteligencia-artificial","status":"publish","type":"page","link":"https:\/\/www.iarobotics.cl\/index.php\/inteligencia-artificial\/","title":{"rendered":"Inteligencia Artificial"},"content":{"rendered":"\n<p>Realizaci\u00f3n de plataforma de optimizaci\u00f3n utilizando Algoritmos Gen\u00e9ticos y la plataforma de Simulaci\u00f3n industrial Ptolemy II, UC Berkeley, esta investigaci\u00f3n toma por objetivo controlar los actores de las simulaciones realizadas en Ptolemy II con un algoritmo gen\u00e9tico, de esta forma encontrar los valores Sub Optimos para los escenarios simulados, entregando la b\u00fasqueda de estos parametros a la inteligencia artificial, los cromosomas utilizados cuentan con 4 alelos, demostrando que solamente en cuatro generaciones de evoluci\u00f3n ya se pueden encontrar los Sub Optimos mencionados.<\/p>\n\n\n\n<ul class=\"wp-block-gallery aligncenter columns-1 wp-block-gallery-1 is-layout-flex wp-block-gallery-is-layout-flex\"><li class=\"blocks-gallery-item\"><figure><img decoding=\"async\" loading=\"lazy\" width=\"1024\" height=\"481\" src=\"https:\/\/mirfak.iarobotics.cl\/wp-content\/uploads\/2019\/04\/35CAA891-EACE-422A-B561-A44D2687DB53-1024x481.jpeg\" alt=\"\" data-id=\"19\" data-link=\"https:\/\/mirfak.iarobotics.cl\/index.php\/2019\/04\/05\/algoritmos-geneticos\/35caa891-eace-422a-b561-a44d2687db53\/\" class=\"wp-image-19\" srcset=\"https:\/\/www.iarobotics.cl\/wp-content\/uploads\/2019\/04\/35CAA891-EACE-422A-B561-A44D2687DB53-1024x481.jpeg 1024w, https:\/\/www.iarobotics.cl\/wp-content\/uploads\/2019\/04\/35CAA891-EACE-422A-B561-A44D2687DB53-300x141.jpeg 300w, https:\/\/www.iarobotics.cl\/wp-content\/uploads\/2019\/04\/35CAA891-EACE-422A-B561-A44D2687DB53-768x360.jpeg 768w, https:\/\/www.iarobotics.cl\/wp-content\/uploads\/2019\/04\/35CAA891-EACE-422A-B561-A44D2687DB53-750x352.jpeg 750w, https:\/\/www.iarobotics.cl\/wp-content\/uploads\/2019\/04\/35CAA891-EACE-422A-B561-A44D2687DB53.jpeg 1694w\" sizes=\"(max-width: 1024px) 100vw, 1024px\" \/><\/figure><\/li><li class=\"blocks-gallery-item\"><figure><img decoding=\"async\" loading=\"lazy\" width=\"279\" height=\"73\" src=\"https:\/\/mirfak.iarobotics.cl\/wp-content\/uploads\/2019\/04\/Captura-de-pantalla-2019-04-17-a-las-17.28.46.jpg\" alt=\"\" data-id=\"132\" data-link=\"https:\/\/mirfak.iarobotics.cl\/index.php\/inteligencia-artificial\/captura-de-pantalla-2019-04-17-a-las-17-28-46\/\" class=\"wp-image-132\"\/><\/figure><\/li><\/ul>\n","protected":false},"excerpt":{"rendered":"<p>Realizaci\u00f3n de plataforma de optimizaci\u00f3n utilizando Algoritmos Gen\u00e9ticos y la plataforma de Simulaci\u00f3n industrial Ptolemy II, UC Berkeley, esta investigaci\u00f3n toma por objetivo controlar los actores de las simulaciones realizadas en Ptolemy II con un&#8230;<\/p>\n","protected":false},"author":1,"featured_media":138,"parent":0,"menu_order":0,"comment_status":"closed","ping_status":"closed","template":"","meta":{"footnotes":""},"_links":{"self":[{"href":"https:\/\/www.iarobotics.cl\/index.php\/wp-json\/wp\/v2\/pages\/130"}],"collection":[{"href":"https:\/\/www.iarobotics.cl\/index.php\/wp-json\/wp\/v2\/pages"}],"about":[{"href":"https:\/\/www.iarobotics.cl\/index.php\/wp-json\/wp\/v2\/types\/page"}],"author":[{"embeddable":true,"href":"https:\/\/www.iarobotics.cl\/index.php\/wp-json\/wp\/v2\/users\/1"}],"replies":[{"embeddable":true,"href":"https:\/\/www.iarobotics.cl\/index.php\/wp-json\/wp\/v2\/comments?post=130"}],"version-history":[{"count":3,"href":"https:\/\/www.iarobotics.cl\/index.php\/wp-json\/wp\/v2\/pages\/130\/revisions"}],"predecessor-version":[{"id":139,"href":"https:\/\/www.iarobotics.cl\/index.php\/wp-json\/wp\/v2\/pages\/130\/revisions\/139"}],"wp:featuredmedia":[{"embeddable":true,"href":"https:\/\/www.iarobotics.cl\/index.php\/wp-json\/wp\/v2\/media\/138"}],"wp:attachment":[{"href":"https:\/\/www.iarobotics.cl\/index.php\/wp-json\/wp\/v2\/media?parent=130"}],"curies":[{"name":"wp","href":"https:\/\/api.w.org\/{rel}","templated":true}]}}